{"id":1212,"date":"2024-08-02T20:58:48","date_gmt":"2024-08-02T20:58:48","guid":{"rendered":"https:\/\/munitingomaria.gob.pe\/home\/?page_id=1212"},"modified":"2024-08-02T20:58:48","modified_gmt":"2024-08-02T20:58:48","slug":"libro-de-reclamaciones","status":"publish","type":"page","link":"https:\/\/munitingomaria.gob.pe\/home\/libro-de-reclamaciones\/","title":{"rendered":"Libro de Reclamaciones"},"content":{"rendered":"\n<p>La Municipalidad Provincial de Leoncio Prado pone a disposici\u00f3n del ciudadano (USUARIO) el Libro de Reclamaciones Virtual o F\u00edsico, para realizar su RECLAMO por la&nbsp; insatisfacci\u00f3n o disconformidad de alg\u00fan servicio o atenci\u00f3n recibida.<\/p>\n\n\n\n<hr class=\"wp-block-separator has-alpha-channel-opacity\"\/>\n\n\n\n<h6 class=\"wp-block-heading\">Opci\u00f3n 1: Presentaci\u00f3n Virtual:<\/h6>\n\n\n\n<p>Ingrese al siguiente enlace y complete\u00a0el FORMULARIO VIRTUAL:<\/p>\n\n\n<div class=\"wp-block-image\">\n<figure class=\"aligncenter size-full\"><a href=\"https:\/\/reclamos.servicios.gob.pe\/?institution_id=2037\" target=\"_blank\" rel=\"noreferrer noopener\"><img loading=\"lazy\" decoding=\"async\" width=\"300\" height=\"118\" src=\"https:\/\/munitingomaria.gob.pe\/home\/wp-content\/uploads\/2024\/08\/LIBRO_DE_RECLAMACIONES.png\" alt=\"\" class=\"wp-image-1213\"\/><\/a><\/figure>\n<\/div>\n\n\n<h6 class=\"wp-block-heading\">Opci\u00f3n&nbsp;2: Presentaci\u00f3n F\u00edsico:<\/h6>\n\n\n\n<p>Solicite el Libro de Reclamaciones en el punto de control de la MPLP(Vigilancia), presentarlo en la entidad por mesa de partes en los horarios de atenci\u00f3n&nbsp;<strong>8:00 am. a 1:00 pm y de 2:30 pm a 5:15 pm.<\/strong>:<\/p>\n\n\n\n<hr class=\"wp-block-separator has-alpha-channel-opacity\"\/>\n\n\n\n<p>Definiciones<\/p>\n\n\n\n<p>Libro de Reclamaciones:<\/p>\n\n\n\n<p>Es la plataforma digital que soporta la gesti\u00f3n de reclamos, la cual permite a las personas registrar y hacer seguimiento a la atenci\u00f3n de su reclamo, conociendo el estado en el que se encuentra; regulado por el Decreto Supremo N\u00b0 007-2020-PCM<\/p>\n\n\n\n<p>De acuerdo a lo establecido, nuestra entidad est\u00e1 obligada a dar respuesta al reclamo, en un plazo m\u00e1ximo de treinta (30) d\u00edas h\u00e1biles,&nbsp;, inform\u00e1ndole, de ser el caso, acerca de las medidas adoptadas para evitar el acontecimiento de hechos similares en el futuro.<\/p>\n\n\n\n<p>RECLAMO:&nbsp;constituye un mecanismo de participaci\u00f3n ciudadana, por el cual las personas<sup>(*)<\/sup>&nbsp;pueden expresar su insatisfacci\u00f3n o disconformidad, por los servicios brindados por las diferentes entidades del sector p\u00fablico, siendo esto diferente a la Queja por Defecto de Tramitaci\u00f3n, contemplada en la&nbsp;Ley N\u00ba 27444.<\/p>\n\n\n\n<p>Base Legal<\/p>\n\n\n\n<p>&#8211;&nbsp;<a href=\"https:\/\/www.presidencia.gob.pe\/docs\/reclamaciones\/DS-042-2011-PCM.pdf\" target=\"_blank\" rel=\"noreferrer noopener\">Decreto Supremo N\u00b0 007-2020-PCM<\/a>:&nbsp;Obligaci\u00f3n de las Entidades del Sector P\u00fablico de&nbsp;contar con un Libro de Reclamaciones<\/p>\n\n\n\n<p>-Norma T\u00e9cnica N\u00b0 001-2021-PCM-SGP: aprobada mediante la RSGP N\u00b0 N\u00b0 001-2021-PCM\/SGP.<\/p>\n\n\n\n<p>&#8211;&nbsp;<a href=\"http:\/\/www.pcm.gob.pe\/wp-content\/uploads\/2013\/09\/Ley-de-Procedimiento-Administrativo-de-PersonalLey27444.pdf\" target=\"_blank\" rel=\"noreferrer noopener\">Ley N\u00b0&nbsp;27444<\/a>: Ley del Procedimiento Administrativo General<\/p>\n\n\n\n<p>(*) La Norma T\u00e9cnica para la Gesti\u00f3n de la Calidad de Servicios en el Sector P\u00fablico aprobada por Resoluci\u00f3n de Secretaria de Gesti\u00f3n P\u00fablica N\u00b0 006-2019-PCM\/SGP y su modificatoria, en su glosario de t\u00e9rminos se\u00f1ala: \u201cEnti\u00e9ndase el t\u00e9rmino&nbsp;<strong>personas<\/strong>&nbsp;como el conjunto de sujetos de derecho, ya sean naturales o jur\u00eddicas, que acceden a un bien o servicio brindado por las entidades p\u00fablicas.<\/p>\n","protected":false},"excerpt":{"rendered":"<p>La Municipalidad Provincial de Leoncio Prado pone a disposici\u00f3n del ciudadano (USUARIO) el Libro de<\/p>\n","protected":false},"author":1,"featured_media":0,"parent":0,"menu_order":0,"comment_status":"closed","ping_status":"closed","template":"","meta":{"footnotes":""},"class_list":["post-1212","page","type-page","status-publish","hentry"],"_links":{"self":[{"href":"https:\/\/munitingomaria.gob.pe\/home\/wp-json\/wp\/v2\/pages\/1212","targetHints":{"allow":["GET"]}}],"collection":[{"href":"https:\/\/munitingomaria.gob.pe\/home\/wp-json\/wp\/v2\/pages"}],"about":[{"href":"https:\/\/munitingomaria.gob.pe\/home\/wp-json\/wp\/v2\/types\/page"}],"author":[{"embeddable":true,"href":"https:\/\/munitingomaria.gob.pe\/home\/wp-json\/wp\/v2\/users\/1"}],"replies":[{"embeddable":true,"href":"https:\/\/munitingomaria.gob.pe\/home\/wp-json\/wp\/v2\/comments?post=1212"}],"version-history":[{"count":1,"href":"https:\/\/munitingomaria.gob.pe\/home\/wp-json\/wp\/v2\/pages\/1212\/revisions"}],"predecessor-version":[{"id":1214,"href":"https:\/\/munitingomaria.gob.pe\/home\/wp-json\/wp\/v2\/pages\/1212\/revisions\/1214"}],"wp:attachment":[{"href":"https:\/\/munitingomaria.gob.pe\/home\/wp-json\/wp\/v2\/media?parent=1212"}],"curies":[{"name":"wp","href":"https:\/\/api.w.org\/{rel}","templated":true}]}}