{"id":128,"date":"2018-01-08T18:08:06","date_gmt":"2018-01-08T18:08:06","guid":{"rendered":"http:\/\/demo.themebeez.com\/royale-news\/?page_id=128"},"modified":"2025-12-12T16:52:33","modified_gmt":"2025-12-12T16:52:33","slug":"blog","status":"publish","type":"page","link":"https:\/\/munitingomaria.gob.pe\/home\/blog\/","title":{"rendered":"Misi\u00f3n y Visi\u00f3n"},"content":{"rendered":"\n<h4 class=\"wp-block-heading\">MISION INSTITUCIONAL<\/h4>\n\n\n\n<p>Promover el desarrollo integral, sostenible, arm\u00f3nico de la Provincia Leoncio Prado, a trav\u00e9s de una adecuada prestaci\u00f3n de servicios p\u00fablicos en marco de una gesti\u00f3n, transparente, participativa, moderna.<\/p>\n\n\n\n<h4 class=\"wp-block-heading\">VISION INSTITUCIONAL<\/h4>\n\n\n\n<p>Ser una Instituci\u00f3n moderna, concertadora, transparente y solidaria, con gesti\u00f3n eficaz y eficiente, que promueve el desarrollo econ\u00f3mico, social, ambiental e Institucional para mejorar la calidad de vida de la poblaci\u00f3n de la Provincia de Leoncio Prado.<\/p>\n\n\n\n<h4 class=\"wp-block-heading\">Significados de la Misi\u00f3n.<\/h4>\n\n\n\n<p>La misi\u00f3n institucional viene a ser el mandato que tiene una determinada instituci\u00f3n, en la cual se define la identidad organizacional y el prop\u00f3sito central por el que la instituci\u00f3n ha sido creado.<\/p>\n\n\n\n<p>Para el caso de la Municipalidad Provincial de Leoncio Prado, la misi\u00f3n se puede definir como la expresi\u00f3n del prop\u00f3sito gen\u00e9rico o raz\u00f3n fundamental de la instituci\u00f3n municipal. Expresa el compromiso fundamental con la visi\u00f3n de desarrollo local.<\/p>\n\n\n\n<h4 class=\"wp-block-heading\">Significado de la Visi\u00f3n.<\/h4>\n\n\n\n<p>El proceso de planeamiento ha requerido la participaci\u00f3n y pertinencia de las autoridades y los diversos representantes, en atenci\u00f3n al diagn\u00f3stico que establece la gesti\u00f3n municipal. Habi\u00e9ndose articulado, alineado y declarado de la siguiente manera.<\/p>\n\n\n\n<p>Estos elementos constitutivos de la visi\u00f3n al 2019, refieren de la imagen clara y contundente de la Municipalidad Provincial de Leoncio Prado de verse como modelo y l\u00edder del proceso de desarrollo, generadora de prosperidad basada en las relaciones solidarias y arm\u00f3nicas entre sus habitantes, instituciones y el medio ambiente.<\/p>\n","protected":false},"excerpt":{"rendered":"<p>MISION INSTITUCIONAL Promover el desarrollo integral, sostenible, arm\u00f3nico de la Provincia Leoncio Prado, a trav\u00e9s<\/p>\n","protected":false},"author":1,"featured_media":0,"parent":0,"menu_order":0,"comment_status":"closed","ping_status":"closed","template":"","meta":{"footnotes":""},"class_list":["post-128","page","type-page","status-publish","hentry"],"_links":{"self":[{"href":"https:\/\/munitingomaria.gob.pe\/home\/wp-json\/wp\/v2\/pages\/128","targetHints":{"allow":["GET"]}}],"collection":[{"href":"https:\/\/munitingomaria.gob.pe\/home\/wp-json\/wp\/v2\/pages"}],"about":[{"href":"https:\/\/munitingomaria.gob.pe\/home\/wp-json\/wp\/v2\/types\/page"}],"author":[{"embeddable":true,"href":"https:\/\/munitingomaria.gob.pe\/home\/wp-json\/wp\/v2\/users\/1"}],"replies":[{"embeddable":true,"href":"https:\/\/munitingomaria.gob.pe\/home\/wp-json\/wp\/v2\/comments?post=128"}],"version-history":[{"count":3,"href":"https:\/\/munitingomaria.gob.pe\/home\/wp-json\/wp\/v2\/pages\/128\/revisions"}],"predecessor-version":[{"id":5402,"href":"https:\/\/munitingomaria.gob.pe\/home\/wp-json\/wp\/v2\/pages\/128\/revisions\/5402"}],"wp:attachment":[{"href":"https:\/\/munitingomaria.gob.pe\/home\/wp-json\/wp\/v2\/media?parent=128"}],"curies":[{"name":"wp","href":"https:\/\/api.w.org\/{rel}","templated":true}]}}